ommon factor of 4 and r?
2
Suppose -u = -0*u - 2. Suppose 4*v = 4*x - 4, -3*v = 2*x - 7*v - u. Let m be (x + 1)*(-10)/(-2). What is the highest common divisor of 30 and m?
10
Let q(k) = k**3 + 14*k**2 - k + 2. Let s be q(-14). Calculate the greatest common divisor of 16 and s.
16
Suppose 3*a - 90 = -0*a. Let i be (61 + -1)*10/a. Suppose -3*k + 68 + 232 = 0. Calculate the highest common factor of k and i.
20
Let u be 1875/18 - 1/6. What is the greatest common divisor of u and 8?
8
Suppose 192 = 2*x - 0*x. What is the greatest common factor of 12 and x?
12
Suppose 13 - 1 = 4*d. Let y be d*1 + (-231)/(-3). Suppose -5*i = -y - 20. Calculate the highest common factor of i and 10.
10
Suppose 0 = 2*n - 236 + 18. Let i = 155 - n. Suppose 4*f - 126 + i = 0. What is the greatest common divisor of 30 and f?
10
Let x(u) = -u + 26. Let d be x(-6). Let i(a) = a**3 + 9*a**2 - 8*a + 8. Let y be i(-9). Calculate the highest common divisor of d and y.
16
Let s(a) be the first derivative of a**3/3 - a**2/2 + 4*a + 3. Let m be s(-4). What is the highest common divisor of 36 and m?
12
Let u(f) = 6*f**2 - 6*f + 2. Let m be u(4). Suppose -2*g - 5*b = -4*g + 53, -3*g + 2*b = -m. Calculate the highest common factor of 6 and g.
6
Suppose 4*c + 19 = -3*w, -c - 3*w = -4*c - 9. Let o be 216/(-20)*(-1 + c). Calculate the greatest common factor of 6 and o.
6
Suppose 0 = d + 2 - 5. Suppose 0*m - 2*m + 4 = -2*t, 0 = 2*m - d*t - 2. Let b be m - (3 - (-3)/(-3)). What is the greatest common factor of b and 6?
2
Suppose -t - 219 = -4*c, 168 = 3*c + 2*t - 10. Calculate the highest common factor of 504 and c.
56
Let r = 22 + -12. Suppose 5*l + n = 21, -2*l + 2*n + 11 = -7. Suppose 4*p + 3*b = 40, -l*p = -b - 59 - r. Calculate the greatest common factor of 39 and p.
13
Let b = -10 - -12. Let d(m) = -3*m + m**3 + 1 + 4 - 4. Let a be d(b). Calculate the greatest common divisor of 6 and a.
3
Suppose -4*g = -60 - 4. Let t = -79 + 191. What is the greatest common factor of g and t?
16
Let n(d) = -d**2 - 7*d - 10. Let t(v) = -2*v**2 - 6*v - 9. Let o(p) = 5*n(p) - 6*t(p). Let s be o(4). Calculate the highest common divisor of s and 15.
15
Let y be (-2 + (-3)/(-2))*0. Suppose -5*q + 605 = -y*q. Calculate the highest common divisor of q and 11.
11
Let u(p) = -3*p - 2. Let i be u(2). Let n(b) = b**3 + 10*b**2 - 6*b + 4. Let k be n(i). What is the highest common divisor of k and 20?
20
Suppose 12*v - 875 = 5*v. Calculate the greatest common factor of 25 and v.
25
Let v(z) = 2*z**2 + z + 1. Let s be v(-1). Suppose -s*i = -162 + 22. What is the highest common divisor of i and 14?
14
Let d = -38 - -65. Let r be (1 + -3)/(-1) - (65 + -360). What is the highest common divisor of r and d?
27
Let u = 6 - 3. Suppose u*o + 0*o = 36. Suppose -o = s - 54. Calculate the greatest common divisor of s and 28.
14
Let q = 4 - 9. Let i = 3 + q. Let d be (10/(-4) + -1)*i. Calculate the highest common divisor of d and 77.
7
Let d = -6 - -6. Suppose d*x + 288 = -3*x. Let i = x - -222. Calculate the greatest common factor of 18 and i.
18
Let a be -2*(-1 - 3/2). Calculate the highest common factor of 55 and a.
5
Suppose f - 5*a = 25, 0 = 2*f + 2*a - 54 - 44. Calculate the highest common factor of 15 and f.
15
Suppose 0 = -5*s - 5*k + 130, 2*k = 3*s + 6*k - 80. Suppose 2*f - 5 = 21. Let g = f - 5. What is the highest common divisor of s and g?
8
Suppose -2*j + 8 = -0*j. Calculate the highest common divisor of j and 2.
2
Suppose 3*t - 30 = -2*t. What is the greatest common divisor of t and 18?
6
Let r(n) = 2*n**2 - 5*n + 5. Let t be r(8). Let j = 156 - t. Calculate the highest common divisor of 7 and j.
7
Let j(c) = c**2 - c - 4. Let b be j(5). What is the highest common divisor of 24 and b?
8
Suppose s - v = -1 - 0, s = -2*v + 8. Let m = 0 - -1. Let d be ((-3)/9)/(m/(-3)). Calculate the greatest common divisor of s and d.
1
Let o be (-904)/(-14) + 39/91. What is the highest common divisor of o and 13?
13
Suppose 0 = 8*k - 4*k - 48. What is the greatest common divisor of 36 and k?
12
Let r = 8 + 32. Let c be (-9)/(1/8*-6). Let z be (1 + 1)/(c/30). What is the highest common factor of z and r?
5
Let o be (-3)/2*(-60)/9. Suppose 0*f + 5*f - o = 0. Suppose f*p - 37 = -9. Calculate the greatest common factor of 28 and p.
14
Let n be (-6)/(-9) - 805/(-21). Calculate the greatest common divisor of n and 117.
39
Let x be 3/(-7) + (-1287)/(-63). Calculate the highest common factor of x and 160.
20
Suppose 4*a = -0*a + 8. Let i = a - -2. Suppose -i*x + 6*x - 18 = 0. What is the highest common divisor of 72 and x?
9
Let r(z) = -z**2 + 22. Let l = 0 + 0. Let v be r(l). Suppose 3*j - b = 11 - 1, -2*j + 2*b + 12 = 0. What is the greatest common factor of j and v?
2
Let h(n) = -2*n**2 - 5*n + 6. Let u be h(-3). Calculate the highest common divisor of 21 and u.
3
Let v(n) = -n**2 + 8*n - 5. Let y be v(7). Suppose 5*i - y*i - 252 = 0. Let d = 14 - 2. Calculate the greatest common factor of i and d.
12
Let a(b) = -b**2 - 11*b - 2. Let c be a(-12). Let p = c - -16. Calculate the greatest common factor of p and 2.
2
Let m = -68 - -108. Calculate the greatest common factor of m and 10.
10
Let v be (1 + (-4 - -2))*-160. What is the highest common divisor of 20 and v?
20
Suppose -3*x = 2*t - 107, -5*x + t - 29 = -203. Let i = 2 + 5. Calculate the highest common divisor of x and i.
7
Suppose 21*m - 39 = 18*m. What is the highest common divisor of 52 and m?
13
Let l = 84 + -32. Let p = 140 - l. What is the greatest common factor of 8 and p?
8
Suppose 4*w - 163 + 51 = 0. Calculate the greatest common factor of 70 and w.
14
Suppose -50 = -5*f - 0*f. Let g be 9*5/(15/2). Suppose -g*w = -w - 400. Calculate the greatest common divisor of f and w.
10
Let t = 36 - 21. What is the greatest common divisor of 3 and t?
3
Let o be (13 + -14)/(2/(-18)). What is the greatest common factor of 45 and o?
9
Let x be ((-12)/(-15))/(1/220). Let l = -136 + 85. Let p be 0 + l/(-3) + -1. Calculate the greatest common divisor of p and x.
16
Suppose 15*g - 12*g = 57. Suppose 4*f + b - 384 = 0, 2*f - 265 = -f + 5*b. What is the highest common divisor of f and g?
19
Suppose -q = 4*q + 460. Let c be 10/(-45) - q/9. Calculate the greatest common factor of c and 50.
10
Suppose 8*i = 4*i. Let b be -27*((-4)/3 - i). Calculate the highest common factor of b and 54.
18
Let x(w) = -w**3 + 2*w**2 + 3*w - 3. Let n be x(2). What is the greatest common factor of n and 3?
3
Let q = 687 - 479. What is the greatest common factor of q and 13?
13
Let d(u) = -u**3 + 17*u**2 - 11*u + 20. Let q be d(16). Calculate the highest common divisor of 25 and q.
25
Suppose 473 = 8*c + 3*c. What is the highest common divisor of 301 and c?
43
Suppose -4*x = -x - 891. What is the highest common factor of x and 27?
27
Let f = 446 - 306. Calculate the greatest common factor of 28 and f.
28
Let t(v) = v**2 + 7*v + 6. Let g be t(-7). Let r = 4 + -4. Suppose r*p + 96 = 4*p. Calculate the greatest common divisor of g and p.
6
Suppose 0 = -b + 8 - 6. What is the highest common factor of 20 and b?
2
Let h = -72 - -93. Calculate the highest common divisor of h and 231.
21
Suppose 2*v - 81 - 119 = 0. Let h = v + -31. Let k be (3 - 4)/(-1) - -22. What is the highest common divisor of h and k?
23
Let d = -75 + 165. Let z(g) = 5*g - 24. Let l be z(12). What is the highest common factor of l and d?
18
Let y be 0*(-4)/(8*-1). Let o = y + 20. What is the greatest common divisor of o and 20?
20
Suppose 1 = o + 10. Let i be (-30)/o*6/4. Suppose i = 3*r - 1. What is the greatest common divisor of r and 16?
2
Suppose 2*y - 3*y = -184. Let o = -20 + 43. What is the greatest common divisor of o and y?
23
Let f(v) = -v + 6. Let w be f(-6). Suppose 4*z = 9 + 15. Calculate the greatest common factor of z and w.
6
Suppose -65 = -3*a - k, -a = 3*a - k - 75. Let u(n) = n - 305. Let h be u(0). Let d = -145 - h. Calculate the highest common divisor of d and a.
20
Let h(r) = r + 1. Let m be h(1). Suppose t - m*t = -14. What is the greatest common divisor of 7 and t?
7
Let l(o) = 57*o - 3. Let c be l(1). Calculate the highest common factor of c and 9.
9
Let l be (-2)/8 + (-4939)/(-44). Let d = -44 + l. What is the highest common factor of 17 and d?
17
Suppose -21 = -2*i - i. Calculate the greatest common divisor of 14 and i.
